= 2*u**3 + 15*u**2 - 8*u - 2. Calculate s(-8).
-2
Let a(x) = x**2 + 2*x - 5. Calculate a(-3).
-2
Let z(k) = k**3 - 7*k**2 + k - 15. Determine z(7).
-8
Let q(m) = -6*m**2 + 11*m + 5. Give q(3).
-16
Let i(x) = 5*x**2 + 24*x - 13. What is i(-5)?
-8
Let m(y) = 21*y - 109. Determine m(5).
-4
Let b(j) = 17*j + 138. Give b(-8).
2
Let c(y) = -y**3 - 12*y**2 - 13*y - 16. What is c(-11)?
6
Let h(v) = v**3 - 29*v**2 - 33*v + 3. What is h(30)?
-87
Let k(u) = -6*u - 5. Calculate k(7).
-47
Let w(f) = -3*f**2 + 45*f + 3. Determine w(15).
3
Let t(o) = -2*o - 2. What is t(2)?
-6
Let b(y) = 3*y + 16. Calculate b(-12).
-20
Let s(r) = -6*r + 1. Determine s(1).
-5
Let d(n) = 2*n + 34. What is d(-16)?
2
Let n(y) = -2*y - 8. Give n(-3).
-2
Let a(t) = -t**3 + t**2 + 6*t. Give a(3).
0
Let d(h) = h**3 - 18*h**2 + 17*h + 8. Calculate d(17).
8
Let b(d) = -d**3 + 6*d**2 - 6*d + 5. Give b(5).
0
Let p(j) = 3*j + 22. What is p(0)?
22
Let f(m) = m**3 - 6*m**2 - 26*m + 118. Calculate f(7).
-15
Let q(h) = -h**3 - h**2 + 2*h - 1. What is q(1)?
-1
Let n(x) = -9*x + 254. What is n(28)?
2
Let g(x) = 144*x - 442. What is g(3)?
-10
Let k(p) = p**2 + 2*p - 8. What is k(0)?
-8
Let l(p) = -p**2 - 10*p + 13. Determine l(-9).
22
Let c(h) = h**3 - 2*h**2 + 2*h - 4. What is c(2)?
0
Let r(t) = -t**2 - 6*t + 11. Give r(-9).
-16
Let r(f) = 8*f - 31. Determine r(5).
9
Let m(d) = -8*d + 232. Calculate m(31).
-16
Let c(h) = 4*h - 2. What is c(-3)?
-14
Let t(k) = 7*k + 95. Give t(-13).
4
Let y(g) = -2*g - 22. Calculate y(-13).
4
Let c(k) = -k**3 - 16*k**2 + 18*k + 17. Determine c(-17).
0
Let h(a) = a**2 + 10*a + 19. What is h(-11)?
30
Let x(y) = -7*y + 33. Determine x(7).
-16
Let y(q) = -q**2 - 6*q + 41. Give y(4).
1
Let f(i) = -20*i - 6. Give f(-2).
34
Let l(a) = a**3 - a - 4. Determine l(3).
20
Let p(m) = m**2 + 3*m - 3. What is p(-4)?
1
Let d(j) = 2*j**2 - 15*j + 1. Calculate d(13).
144
Let n(r) = -2*r**2 - 13*r + 27. Calculate n(-7).
20
Let m(y) = 2*y**2 - 14*y + 17. What is m(6)?
5
Let n(c) = -c**3 + 3*c**2 + 27*c + 6. Determine n(-4).
10
Let g(a) = -a**2 + 16*a + 7. Calculate g(12).
55
Let t(k) = -11*k + 7. What is t(5)?
-48
Let f(l) = l**3 + 9*l**2 - 11*l - 6. Determine f(-10).
4
Let s(r) = -r**3 + 5*r + 2. What is s(-3)?
14
Let b(t) = -t**2 - 10*t + 45. Give b(-16).
-51
Let g(a) = 3*a**3 - 6*a**2 - 4*a - 1. Calculate g(-3).
-124
Let f(o) = -o**2 + 24*o + 55. What is f(26)?
3
Let r(o) = o**3 + o**2. Determine r(-1).
0
Let d(u) = u**3 + 27*u**2 + 71*u - 21. What is d(-24)?
3
Let x(q) = -q**2 + 4*q + 31. What is x(9)?
-14
Let a(w) = w**3 + 6*w**2 - 11*w. Determine a(-8).
-40
Let w(a) = -22*a - 1. Determine w(1).
-23
Let x(a) = a**2 + 5*a - 17. Calculate x(-7).
-3
Let i(o) = 12*o**2 + 13. What is i(4)?
205
Let i(a) = 8*a + 21. Determine i(-4).
-11
Let l(q) = -9*q**3 - 2*q**2 - 3*q - 2. Give l(-2).
68
Let t(l) = -60*l**2 - 7*l - 6. Calculate t(-1).
-59
Let z(u) = -u**3 + 2*u**2 + 9*u - 19. What is z(3)?
-1
Let n(f) = f**2 + 7*f - 73. Give n(-13).
5
Let p(u) = u + 23. Give p(-21).
2
Let g(d) = -d**2 + 19*d - 91. Calculate g(9).
-1
Let g(s) = 6*s + 6. Give g(8).
54
Let v(t) = 90*t + 804. Give v(-9).
-6
Let j(b) = 2*b - 9. Give j(-3).
-15
Let i(t) = t**2 - 5*t - 9. Give i(8).
15
Let c(n) = -n**2 + 14*n + 18. Give c(13).
31
Let q(i) = -i**3 + 12*i**2 + 4*i - 32. Calculate q(12).
16
Let i(h) = -h**3 - 8*h**2 - 7*h + 5. Determine i(-6).
-25
Let j(s) = -7*s - 3. Calculate j(-1).
4
Let v(w) = 3*w**3 + 2*w**2 + w - 1. Determine v(1).
5
Let p(b) = -4*b**3 + 3*b**2 - 10*b + 40. What is p(3)?
-71
Let x(y) = -y**3 + 18*y + 1. Determine x(-4).
-7
Let l(f) = -f**3 + 14*f**2 - f - 30. What is l(14)?
-44
Let k(v) = v**3 + 12*v**2 + 8*v + 8. Give k(-12).
-88
Let v(n) = -67*n - 19. Give v(2).
-153
Let u(i) = 2*i**3 - 4*i**2 - 2*i + 3. Calculate u(3).
15
Let c(b) = -b + 2. Give c(8).
-6
Let j(o) = o**2 + 4*o - 161. Give j(-15).
4
Let s(m) = 3*m + 10. What is s(9)?
37
Let q(z) = z**2 - 3*z - 13. Determine q(-4).
15
Let c(k) = -k - 5. Determine c(5).
-10
Let w(k) = -5*k**2 - k + 18. Determine w(0).
18
Let y(l) = 8*l**2 + l - 4. What is y(-2)?
26
Let j(g) = 4*g**2 + 48*g - 12. Give j(-9).
-120
Let o(l) = -29*l - 33. Determine o(-1).
-4
Let p(q) = q**3 - 7*q**2 + 2*q - 10. Determine p(0).
-10
Let m(l) = -l - 2. Determine m(5).
-7
Let i(b) = b**3 + 7*b**2. Give i(-7).
0
Let r(i) = -17*i - 24. Determine r(-7).
95
Let h(v) = v**3 - 2*v**2 - 42. Determine h(0).
-42
Let l(h) = -6*h + 85. Calculate l(12).
13
Let j(s) = s**3 + 3*s**2 - 5*s - 4. Calculate j(-6).
-82
Let h(w) = w**3 + 14*w**2 - 6*w - 67. Give h(-14).
17
Let i(w) = w**2 + 7*w - 5. Give i(-8).
3
Let p(w) = w**3 + 9*w**2 - 11*w + 11. What is p(-10)?
21
Let l(w) = w**3 - 4*w**2 + 5*w. What is l(4)?
20
Let o(r) = -2*r + 29. Determine o(-10).
49
Let k(w) = 3*w + 3. Determine k(-2).
-3
Let g(v) = v**2 + 3*v - 77. Determine g(-11).
11
Let i(q) = -2*q**3 - 3*q**2 - q - 2. Determine i(-2).
4
Let r(c) = c**2 - 7*c - 5. What is r(6)?
-11
Let k(c) = c**3 + 11*c**2 + 12*c + 13. Give k(-10).
-7
Let l(j) = -j**3 - 3*j**2 + 2*j - 11. Calculate l(-4).
-3
Let t(j) = 5*j + 24. What is t(-21)?
-81
Let v(y) = y**3 - y**2 + 2*y + 2. What is v(-3)?
-40
Let u(i) = -4*i**2 - i + 79. Calculate u(-5).
-16
Let p(f) = -24*f**3 + f**2 + f - 1. Calculate p(1).
-23
Let x(w) = 6*w**2 - w - 2. What is x(2)?
20
Let m(s) = 5*s + 6. Give m(-9).
-39
Let n(f) = -7*f + 2. Give n(3).
-19
Let y(t) = -4*t**2 - 2*t + 5. Calculate y(2).
-15
Let y(h) = -2*h**2 + h + 10. Give y(-3).
-11
Let c(w) = w**3 - 50*w**2 - 55*w + 197. Give c(51).
-7
Let j(p) = 28*p - 22. Give j(1).
6
Let v(w) = -14*w**2 + 5*w - 2. Determine v(1).
-11
Let f(t) = 3*t**2 - 2. Calculate f(1).
1
Let c(r) = r**2 + 2*r - 250. Calculate c(-16).
-26
Let q(j) = -2*j + 4. What is q(10)?
-16
Let j(t) = 3*t + 27. What is j(-8)?
3
Let u(x) = -x**3 - 7*x**2 + x. Determine u(-7).
-7
Let d(m) = -15*m**2 - 3*m - 3. Calculate d(-1).
-15
Let j(t) = -t**2 - 20*t - 16. Calculate j(-8).
80
Let w(h) = -3*h**3 - 12*h**2 + 24*h + 37. Give w(-5).
-8
Let f(h) = h**3 + 4*h**2 + 2. Give f(-3).
11
Let q(x) = -x**2 - 16*x - 8. Give q(-12).
40
Let v(r) = -2*r**3 - 4*r**2 + 2*r + 3. What is v(-3)?
15
Let b(w) = -w**3 - 5*w**2 + 2*w + 4. Give b(-5).
-6
Let c(h) = -h**2 + 10*h - 6. Give c(7).
15
Let n(d) = d**3 + 9*d**2 + d + 6. Calculate n(-9).
-3
Let z(u) = 25*u + 96. Determine z(-8).
-104
Let k(f) = 6*f + 8. Calculate k(-5).
-22
Let y(m) = m**2 + 12*m + 1. Give y(-10).
-19
Let v(w) = -9*w**2 + 46*w - 15. What is v(6)?
-63
Let q(h) = 2*h**3 - 25*h**2 - 41*h + 22. Give q(14).
36
Let t(y) = -39*y**3 - 2*y**2 - 2*y - 1. Give t(-1).
38
Let s(o) = -2*o**2 - 5*o + 6. What is s(4)?
-46
Let i(g) = 2*g**2 - 4*g - 4. Determine i(-3).
26
Let n(d) = d**2 - 25*d + 149. Calculate n(10).
-1
Let f(u) = -2*u**2 + 61*u - 91. Give f(29).
-4
Let r(d) = -d**2 + 2*d - 13. Calculate r(4).
-21
Let g(j) = j**2 - 32*j - 117. Calculate g(35).
-12
Let m(v) = -v**3 - 10*v**2 + 8*v + 29. Determine m(-11).
62
Let p(y) = y**2 - 4*y + 5. Determine p(4).
5
Let h(k) = 2*k**2 + 4*k + 1. Calculate h(-3).
7
Let o(r) = -r**2 - 138*r - 916. Calculate o(-7).
1
Let t(q) = -q**3 - q**2 + 4*q - 1. Calculate t(3).
-25
Let l(o) = 5*o - 12. Give l(2).
-2
Let f(r) = r**3 - 1. Determine f(1).
0
Let l(v) = v**2 + 7*v + 7. Give l(-2).
-3
Let o(j) = j - 31. Determine o(0).
-31
Let y(g) = 11*g + 17. Determine y(-2).
-5
Let h(r) = -2*r**3 - 3*r**2 - 3*r - 2. Determine h(-2).
8
Let p(c) = 2*c**2 - 12*c + 4. What is p(6)?
4
Let n(p) = p**2 + 4*p. Calculate n(-6).
12
Let s(b) = -b**2 - 8*b + 29. Give s(-11).
-4
Let s(v) = -v - 19. What is s(-9)?
-10
Let g(b) = -b**3 - 9*b**2 - 9*b + 4. Calculate g(-8).
12
Let t(z) = z**3 + 4*z**2 - 5. What is t(-5)?
-30
Let d(l) = -21*l - 29. What is d(-6)?
97
Let n(q) = 6*q**2 - q + 5. Determine n(4).
97
Let j(v) = -v**3 + 4*v**2 + 2*v + 5. Give j(5).
-10
Let z(g) = -g**2 - 2*g + 20. Give z(-6).
-4
Let u(x) = 2*x - 14. What is u(2)?
-10
Let j(f) = -4*f**3 + 2*f**2 + 17*f + 17. Give j(-1).
6
Let m(p) = 50*p**2. Determine m(1).
50
Let o(c) = c**2 - 7*c + 2. What is o(6)?
-4
Let v(i) = -6*i - 1. Calculate v(-5).
29
Let q(j) = j**2 - 30*j - 34. What is q(32)?
30
Let v(d) = 11*d - 613. Give v(55).
-8
Let z(t) = -t**2 + 2*t + 30. What is z(7)?
-5
Let g(q) = -q**2 - 2*q + 3. Calculate g(-7